prime?
False
Is 63415178653 composite?
True
Is 735480541 prime?
True
Is 8246981 prime?
True
Is 26105966773 a composite number?
False
Is 21563121823 a composite number?
False
Is 3483576851 a prime number?
False
Is 1380450791 prime?
False
Is 50025853 prime?
False
Is 87303000509 a composite number?
False
Is 337368467 prime?
True
Is 2882231059 composite?
True
Is 17916281563 a composite number?
False
Is 2357003659 composite?
False
Is 66016990837 a prime number?
False
Is 114965909 a prime number?
True
Is 274540271 prime?
False
Is 1873625107 composite?
False
Is 219786142633 composite?
False
Is 12017252591 composite?
False
Is 30541702229 prime?
True
Is 19019963393 a composite number?
True
Is 132675261553 prime?
False
Is 20499560971 a prime number?
False
Is 56682139 prime?
True
Is 50190603109 composite?
False
Is 972647671 composite?
True
Is 10855859827 a prime number?
False
Is 104638913233 composite?
True
Is 1601369093 a prime number?
True
Is 446596333 composite?
False
Is 33396805349 a prime number?
True
Is 8295193097 a composite number?
False
Is 7143013433 prime?
False
Is 762865543 composite?
True
Is 4163743183 prime?
True
Is 142518757 a composite number?
True
Is 2689326011 a prime number?
True
Is 23373599 prime?
False
Is 34458013 a composite number?
False
Is 292244450387 composite?
False
Is 17517566141 a composite number?
True
Is 1319179649 composite?
False
Is 41151301823 a prime number?
False
Is 1955627263 a prime number?
True
Is 417759791 a prime number?
True
Is 1057857571 composite?
True
Is 119014379641 prime?
False
Is 681451115 prime?
False
Is 240284663 a prime number?
False
Is 320553749 a prime number?
True
Is 84757691801 prime?
False
Is 773788973 prime?
True
Is 20865480379 a prime number?
False
Is 845647807 prime?
False
Is 346037526851 prime?
True
Is 40706812383 composite?
True
Is 53241719 composite?
False
Is 17973074929 prime?
True
Is 9727197017 composite?
False
Is 375483517 prime?
False
Is 3388766441 composite?
True
Is 20071875661 composite?
True
Is 574285121 composite?
False
Is 1042424219 prime?
False
Is 66652123169 prime?
True
Is 16776209381 prime?
True
Is 16903664863 composite?
True
Is 15825875159 a prime number?
True
Is 37970440043 a composite number?
True
Is 5490401909 a composite number?
True
Is 64144532351 composite?
False
Is 1721646051 a prime number?
False
Is 77416711 prime?
True
Is 224988086737 a composite number?
True
Is 14218733647 composite?
False
Is 310171019 a composite number?
False
Is 86008826093 a prime number?
True
Is 936950077 prime?
False
Is 445587017 a prime number?
False
Is 12548597471 prime?
False
Is 115215868451 prime?
True
Is 2747142751 a composite number?
True
Is 1834509977 a composite number?
True
Is 7074408091 a prime number?
True
Is 12653137733 composite?
True
Is 7862623 composite?
True
Is 148762897 composite?
False
Is 1471125553 prime?
False
Is 9140507 a prime number?
False
Is 8037986459 a composite number?
False
Is 8730073147 a composite number?
False
Is 1487592097 a prime number?
False
Is 258766769 prime?
True
Is 2030148089 a prime number?
True
Is 1639196371 a composite number?
True
Is 6891330269 a prime number?
False
Is 4809372481 composite?
True
Is 17597649119 prime?
True
Is 6354963599 a composite number?
False
Is 347043973 a composite number?
True
Is 3646435517 a prime number?
True
Is 1602672697 a composite number?
False
Is 15377322833 prime?
True
Is 24881952839 a prime number?
True
Is 2733974699 composite?
False
Is 12489143 composite?
False
Is 2846617127 prime?
True
Is 7040289007 a prime number?
False
Is 13996796113 composite?
True
Is 1947671563 prime?
True
Is 4028288309 prime?
False
Is 89178574766 a composite number?
True
Is 1796009351 prime?
True
Is 4311479617 a prime number?
False
Is 2284251247 a composite number?
True
Is 2608749347 prime?
True
Is 47857732487 composite?
True
Is 1287056921 composite?
False
Is 1243266149 a composite number?
True
Is 6992861389 composite?
False
Is 61000055841 composite?
True
Is 1285440311 a composite number?
False
Is 15415941371 composite?
True
Is 217095707 prime?
True
Is 185920829 composite?
True
Is 141128526853 prime?
True
Is 37673438653 composite?
False
Is 65288872903 composite?
False
Is 66184974677 a composite number?
False
Is 3250380023 prime?
False
Is 12635405869 composite?
False
Is 1705114007 composite?
False
Is 275508255326 a prime number?
False
Is 324981523 prime?
True
Is 23341060247 a composite number?
False
Is 1852116583 a composite number?
False
Is 1384779637 composite?
False
Is 1381872197 composite?
False
Is 314467691 composite?
False
Is 10807259899 prime?
False
Is 62719547201 composite?
True
Is 19556291647 a prime number?
False
Is 441694199 a prime number?
True
Is 138167423 a composite number?
True
Is 2077153189 composite?
False
Is 22459134431 a prime number?
True
Is 461696509 a composite number?
False
Is 455839247 composite?
False
Is 440829083 prime?
False
Is 1338615121 a prime number?
True
Is 987408623 a prime number?
False
Is 1720727459 a prime number?
False
Is 59367395879 a composite number?
True
Is 8067955967 composite?
False
Is 1200064711 a prime number?
False
Is 14371730141 a composite number?
False
Is 89569019 prime?
False
Is 276106661 composite?
False
Is 114379409 a composite number?
True
Is 9097778054 prime?
False
Is 8371563433 a composite number?
False
Is 922338742571 a composite number?
False
Is 38555243093 a composite number?
True
Is 18668517449 prime?
False
Is 2230318067 composite?
True
Is 351807023 prime?
False
Is 1379659142 a prime number?
False
Is 10450748359 a prime number?
False
Is 566840437 a prime number?
False
Is 14696605981 a prime number?
True
Is 157433603 a prime number?
False
Is 14988846527 a prime number?
False
Is 5140764281 prime?
True
Is 7569504989 a prime number?
True
Is 33524329117 composite?
True
Is 6276038837 a composite number?
True
Is 483349871 composite?
True
Is 17655652337 prime?
True
Is 215708648713 a composite number?
True
Is 41414485201 composite?
True
Is 7255406437 prime?
True
Is 1803935171 a composite number?
True
Is 28787789159 a composite number?
True
Is 328626361 a composite number?
True
Is 630497929 a prime number?
True
Is 1303863811 composite?
True
Is 14497441 a composite number?
True
Is 262279259 a composite number?
True
Is 17600665469 prime?
False
Is 110156450407 composite?
False
Is 140309647847 a composite number?
False
Is 2946239333 a composite number?
False
Is 28187993065 prime?
False
Is 2420840237 composite?
True
Is 945193603 prime?
True
Is 104112113179 a prime number?
False
Is 3595415003 prime?
True
Is 434052977 composite?
False
Is 10062014771 a prime number?
True
Is 2820429683 a composite number?
False
Is 59977167581 prime?
False
Is 3064908521 a prime number?
False
Is 14817823879 prime?
False
Is 13953226829 a composite number?
True
Is 1260170419 a prime number?
False
Is 1154236751 composite?
False
Is 17242174031 a prime number?
True
Is 34069691809 composite?
False
Is 646019849 composite?
False
Is 266433781 a prime number?
False
Is 50316724721 prime?
True
Is 5594505443 a prime number?
False
Is 443790719 a composite number?
False
Is 113529367 a prime number?
False
Is 14178476873 prime?
False
Is 13080391105 a prime number?
False
Is 1658425919 prime?
True
Is 55869029 a composite number?
False
Is 2170227853 a prime number?
False
Is 57437264021 a composite number?
True
Is 23174073287 a prime number?
True
Is 42017813059 prime?
True
Is 101822429 a composite number?
True
Is 5127998599 a prime number?
False
Is 168435181 a prime number?
False
Is 419191153 composite?
False
Is 31497211 prime?
False
Is 38067328919 a prime number?
True
Is 1460377747 composite?
True
Is 59598631 prime?
False
Is 6945196547 composite?
False
Is 71460202417 a composite number?
False
Is 9903366007 composite?
False
Is 149565864733 a composite number?
False
Is 45794874473 prime?
False
Is 35044637269 a prime number?
False
Is 3495175007 a prime number?
False
Is 5337320513 a composite number?
True
Is 381445147 a prime number?
True
Is 1705035729 prime?
False
Is 92163380203 composite?
False
Is 4755839383 a composite number?
True
Is 1114925827 a composite number?
True
Is 13468434281 prime?
True
Is 5977842103 a composite number?
False
Is 63999744649 composite?
False
Is 73578129343 prime?
False
Is 622520071 prime?
False
Is 2800225579 composite?
Fals